)?
2
Let q(c) = 16*c + 15. What is the remainder when q(2) is divided by 6?
5
Let r(a) = -a - 1. Calculate the remainder when 13 is divided by r(-4).
1
Suppose 4*i - 24 = -2*q + 12, 2*q + 2*i = 34. Calculate the remainder when q is divided by 6.
4
Suppose -3*f = -2 - 109. What is the remainder when f is divided by (-4)/2*26/(-4)?
11
Let w(m) = -m**2 - 8*m - 1. Let q be (-1)/(2/(-4)) + 52. Suppose 4*a - 168 = -4*y, 0 = -4*a - 2*y + q + 118. What is the remainder when a is divided by w(-4)?
14
Let u = 23 - 11. What is the remainder when 23 is divided by u?
11
Let s = 58 + -38. Calculate the remainder when 79 is divided by s.
19
Let d = 49 - 24. What is the remainder when (-1 - -1 - 0/(-2)) + 73 is divided by d?
23
Let a(x) = x + 8. What is the remainder when 38 is divided by a(5)?
12
Let b(k) = -k**2 + 7*k + 10. Let o be b(9). Let p = o + 11. Suppose -p*g = -3*q + 33, 4*g + 11 = 2*q - 19. What is the remainder when q is divided by 3?
1
Let i be 27/6*(-2 + 4). Suppose -4*m = -3*f + 22, 4*f - 3*m - i - 25 = 0. What is the remainder when ((-4)/8)/((-1)/56) is divided by f?
8
Suppose 2*v - 4*v = -4. What is the remainder when (-858)/(-14) - (-2)/(-7) is divided by (-21)/(1*v/(-2))?
19
Let l be (-1 + 0)*(-3 - 0). Suppose y - 60 = -l*y. Let h = -1118 + 1146. What is the remainder when h is divided by y?
13
Suppose 0 = k - 4*o + 16, -9*o + 5*o = -16. Suppose -2*w + 63 = 51. Suppose k = 3*r + w - 69. What is the remainder when 61 is divided by r?
19
Let w(l) = -30*l**2 + 1. Let f be w(1). Let k = 5 - f. Let v = -6 + k. What is the remainder when v is divided by 10?
8
Suppose 2*y - 8*y = -66. What is the remainder when 53 is divided by y?
9
Let u be (6 + 4)*1/2. Suppose 0 = -8*a + 3*a + 3*g + 182, -u*a = 2*g - 162. Calculate the remainder when a is divided by 7.
6
Let a(m) = -m**2 + 8*m - 9. Let x be a(6). Let u(i) = i**3 - i - 1. What is the remainder when 67 is divided by u(x)?
21
Suppose -5*i + 4*i = -27. Suppose 32 = 4*j - 28. Calculate the remainder when i is divided by j.
12
Suppose 0 = 5*r - 3*w - 1, -2*r - w = -7. Suppose 18 = 5*v - r. Suppose 5*i = p - 27, -p + 0*i = -i - 11. What is the remainder when p is divided by v?
3
Let r be 1/3 - 21/9. Let l be 8 + r + 1 + 1. Suppose -3*s + l = -5*h - 0*h, 4*s = 3*h + 29. What is the remainder when 21 is divided by s?
10
Calculate the remainder when (1*43)/(-5 + 6) is divided by 15.
13
Let f(r) = r**2 + 2*r - 10. Calculate the remainder when 32 is divided by f(3).
2
Let u = -4 - -17. Suppose -2 = y + 5. Calculate the remainder when u is divided by (1 - 0)*(y + 14).
6
Suppose -5*c + 0*c + 180 = 0. Suppose 0*u = -4*u + c. What is the remainder when (42 - u/3)/1 is divided by 10?
9
Suppose -3*i + 110 + 4 = 0. Calculate the remainder when i is divided by (52/16)/((-1)/(-4)).
12
Calculate the remainder when 47 is divided by (-11 + 1)*20/(-8).
22
Suppose -z = -71 - 32. Suppose -4*p - 11 = -z. Calculate the remainder when p is divided by 8.
7
Suppose 4*m - 3*m + t - 107 = 0, -4 = 2*t. Suppose -5*j + m + 11 = 0. Calculate the remainder when j is divided by 13.
11
Suppose -3*k + 50 = -2*k. Suppose -16 = 4*z, 6*z = -5*n + z - k. Calculate the remainder when (-9)/(-6)*(-124)/n is divided by 11.
9
Suppose -4*u + 3 = -2*t + 11, -8 = -2*t + 3*u. Suppose -s = -4*g - 8 - 3, -t*s + 4*g = -32. What is the remainder when 11 is divided by s?
4
Suppose 0*g + 2 = 2*g, -y + 21 = -g. Let o = 32 - y. Suppose -5*j = -55 + o. Calculate the remainder when 25 is divided by j.
7
Let m(g) = -g**3 + 2*g**2 + 4*g - 6. Let w be m(4). What is the remainder when (-760)/(-55) + (-4)/w is divided by 5?
4
Let b(s) = -3*s + 16. Suppose 8 + 7 = -5*p. What is the remainder when b(-11) is divided by p/((-18)/(-26))*-3?
10
Suppose 2*b = 6 + 16. Calculate the remainder when 83 is divided by b.
6
Suppose 4*x - 150 = -x - 2*c, -3*x + 4*c + 64 = 0. Suppose -x = -2*w - 2*w. Calculate the remainder when 2/(-1 - (-44)/40) is divided by w.
6
Suppose 3*t - 42 = -0*t. Calculate the remainder when (-4)/(-1) - (-42 + 6) is divided by t.
12
Let p(n) = -87*n - 5. Let h be p(4). Let l = -233 - h. Suppose -l + 46 = -5*q - 2*a, 5*q - 4*a = 62. Calculate the remainder when 26 is divided by q.
12
Let a(i) = -15*i + 3. Calculate the remainder when a(-5) is divided by 20.
18
Let n = 5 - -7. What is the remainder when n is divided by 5?
2
Calculate the remainder when 129 is divided by 34 - (-5 - -1)/(-4).
30
Let i(l) = 2*l - 2. Let h be i(3). Let p(j) = 3*j + 4. What is the remainder when 61 is divided by p(h)?
13
Let m = 34 + -9. Let c(y) = 8 + 0*y + 2*y - 2 + 0*y. What is the remainder when m is divided by c(4)?
11
Let s be -76 + 0 - (-16)/(-4). Calculate the remainder when 57 is divided by s/12*9/(-5).
9
Suppose 5*t - 2*k = 2 + 6, -5*k + 9 = 2*t. Let i = t + 0. Suppose 0*d = -5*d - i*v + 39, 5*d - 43 = -4*v. What is the remainder when d is divided by 3?
1
Let t(c) = -2*c - c**3 + 4*c + 2*c**2 + 2 + c. Calculate the remainder when 6/(-15) - (-54)/10 is divided by t(3).
1
Suppose 0 = -3*i - 2*x - 45 + 131, 111 = 3*i - 3*x. What is the remainder when i is divided by 5?
2
Let c(l) be the first derivative of -5*l**2/2 - 5*l - 1. Let t be c(-8). Suppose -7 - t = -g. Calculate the remainder when g is divided by 11.
9
Suppose -q - 5 = 3*s - 5*s, -3*q = -3*s + 3. Suppose -5*l - 70 = -20. Let p(c) = -c**2 - 11*c - 3. Calculate the remainder when p(l) is divided by s.
3
Let w = 20 - 30. Let m be 4/w - (-51)/15. Suppose v = -m*v + 8. What is the remainder when 4 is divided by v?
0
Calculate the remainder when 29 is divided by 132/9 - 1/(-3).
14
Suppose -8*v - 124 = -12*v. Calculate the remainder when 119 is divided by v.
26
Let w(g) = -g - g**3 + 11*g + 11 - 12*g**2 + 4. Calculate the remainder when w(-13) is divided by 19.
16
Let a(n) = n**3 - 5*n**2 - 2*n - 7. Let u be (1 - -2)/((-1)/(-2)). Calculate the remainder when 46 is divided by a(u).
12
Let l(a) be the second derivative of a**5/60 - a**4/6 + a**3/2 + a. Let n(x) be the second derivative of l(x). What is the remainder when 26 is divided by n(9)?
12
Let f(b) be the second derivative of -b**4/12 - b**3 - 2*b. What is the remainder when 476/36 - (-2)/(-9) is divided by f(-5)?
3
Let t = 2 - -2. Let k = 1 - t. What is the remainder when (-17)/k - (-2)/(-3) is divided by 2?
1
Let w = -71 - -116. Suppose 0 = 5*d + 5*a - 40 - w, 0 = d - 2*a - 20. What is the remainder when 33 is divided by d?
15
Let m(p) = -8*p**2 - 4*p + 11. Let k(h) = 7*h**2 + 4*h - 10. Let r(b) = 5*k(b) + 4*m(b). Calculate the remainder when r(-5) is divided by 13.
10
Suppose r - 98 = -r. Let n = -34 + r. Let o(u) = 7*u + 2. Calculate the remainder when o(6) is divided by n.
14
Let s = -1 + 3. Let m(r) = r**3 + 8*r**2 - 8*r - 1. Let j be m(-9). Let z = s - j. Calculate the remainder when 22 is divided by z.
10
Suppose 0 = 3*z - 11 - 7. Suppose -t = -3*t + 8. Suppose 0*f - 3*f = -3, t*k = 3*f + 41. What is the remainder when k is divided by z?
5
Suppose -11 = -5*z - 4*x, -2*z + 0*z = 4*x - 2. What is the remainder when 8 is divided by z?
2
Suppose -6*g - 2 = -86. What is the remainder when 151 is divided by g?
11
Let u be 1/(-4) + (-308)/(-16). Suppose -u = -4*g + 209. What is the remainder when g is divided by (-1 + 31)*(-2)/(-4)?
12
Suppose 2*i - 4*l + 85 = -5*l, -4*i - 4*l = 172. Let m = i + 78. Calculate the remainder when m is divided by (-194)/(-10) - (-4)/(-10).
17
What is the remainder when 0 - 3/(-4) - 1615/(-76) is divided by 6?
4
Suppose -2*k = -3*k + 6. What is the remainder when 29 is divided by k?
5
Suppose 4 = q + q. Suppose -3*n - 2 = -4*j - 14, 0 = -3*n - 4*j - 12. Suppose 5*p + n = 10. What is the remainder when p is divided by q?
0
Suppose 1 + 1 = l. Suppose -6*z + 96 = -l*z. Suppose k - 48 = -5*v, 2*k = -2*v - 0 + z. What is the remainder when 25 is divided by v?
7
Suppose -2*q - 3*y + y + 46 = 0, 0 = -2*q + y + 61. Calculate the remainder when q is divided by 8.
4
Calculate the remainder when 6/(-21) + 2 + 345/7 is divided by 13.
12
Let d = -1 - -11. Suppose -9*l + 168 = -3*l. What is the remainder when l is divided by d?
8
Suppose -39 = -f - 5*o, -3*f + 180 = f - 4*o. Calculate the remainder when f is divided by 12.
8
Let a(j) = -j**3 + 9*j**2 - 8*j + 4. Let r be a(8). Suppose r*y - t - 65 = 0, -4*y + 3*t + 77 = 6*t. Calculate the 